{"id":60,"date":"2021-03-08T12:10:00","date_gmt":"2021-03-08T12:10:00","guid":{"rendered":"https:\/\/dev.maderashtm.com\/?page_id=60"},"modified":"2022-08-16T10:57:22","modified_gmt":"2022-08-16T10:57:22","slug":"certificados","status":"publish","type":"page","link":"https:\/\/dev.maderashtm.com\/index.php\/certificados\/","title":{"rendered":"CERTIFICADOS"},"content":{"rendered":"<p>[et_pb_section fb_built=&#8221;1&#8243; admin_label=&#8221;Hero Section&#8221; _builder_version=&#8221;4.8.1&#8243; background_color=&#8221;rgba(0,0,0,0.37)&#8221; background_color_gradient_direction=&#8221;146deg&#8221; background_image=&#8221;https:\/\/dev.maderashtm.com\/wp-content\/uploads\/2021\/03\/dark-path-in-forest-scaled.jpg&#8221; background_position=&#8221;center_left&#8221; background_blend=&#8221;overlay&#8221; custom_margin=&#8221;|||&#8221; custom_padding=&#8221;120px||52px|||&#8221;][et_pb_row _builder_version=&#8221;3.25&#8243; background_size=&#8221;initial&#8221; background_position=&#8221;top_left&#8221; background_repeat=&#8221;repeat&#8221; min_height=&#8221;228.7px&#8221; custom_margin=&#8221;|auto|-45px|auto||&#8221; custom_padding=&#8221;||85px|||&#8221; locked=&#8221;off&#8221;][et_pb_column type=&#8221;4_4&#8243; _builder_version=&#8221;3.25&#8243; custom_padding=&#8221;|||&#8221; custom_padding__hover=&#8221;|||&#8221;][et_pb_text admin_label=&#8221;Title&#8221; _builder_version=&#8221;4.8.1&#8243; text_font=&#8221;||||||||&#8221; header_font=&#8221;Arimo|500|||||||&#8221; header_text_align=&#8221;center&#8221; header_font_size=&#8221;84px&#8221; background_layout=&#8221;dark&#8221; width=&#8221;100%&#8221; custom_padding=&#8221;||0px|||&#8221; animation_style=&#8221;fade&#8221; animation_direction=&#8221;left&#8221; header_font_size_tablet=&#8221;50px&#8221; header_font_size_phone=&#8221;40px&#8221; header_font_size_last_edited=&#8221;on|phone&#8221;]<\/p>\n<h1>CERTIFICADOS<\/h1>\n<p>[\/et_pb_text][et_pb_text _builder_version=&#8221;4.8.1&#8243; text_font=&#8221;Arimo|300|||||||&#8221; text_text_color=&#8221;rgba(255,255,255,0.7)&#8221; text_font_size=&#8221;20px&#8221; text_line_height=&#8221;1.8em&#8221; header_font=&#8221;Arimo||||||||&#8221; text_orientation=&#8221;center&#8221; background_layout=&#8221;dark&#8221; max_width=&#8221;700px&#8221; module_alignment=&#8221;center&#8221; min_height=&#8221;60px&#8221; custom_margin=&#8221;-28px|||190px||&#8221; custom_padding=&#8221;0px||0px|||&#8221; animation_style=&#8221;zoom&#8221; animation_direction=&#8221;left&#8221; animation_delay=&#8221;100ms&#8221; animation_intensity_zoom=&#8221;10%&#8221;]<\/p>\n<p><span style=\"color: #ffffff;\">CALIDAD Y COMPROMISO CON EL MEDIO AMBIENTE<\/span><\/p>\n<p>[\/et_pb_text][\/et_pb_column][\/et_pb_row][\/et_pb_section][et_pb_section fb_built=&#8221;1&#8243; module_id=&#8221;textoCertificados&#8221; _builder_version=&#8221;4.8.1&#8243; _module_preset=&#8221;default&#8221; background_color=&#8221;rgba(255,255,255,0.95)&#8221; background_image=&#8221;https:\/\/dev.maderashtm.com\/wp-content\/uploads\/2021\/03\/stacked-stacks-of-firewood-firewood-under-the-snow-chopped-trunks-background-texture-1-scaled.jpg&#8221; background_blend=&#8221;overlay&#8221; custom_padding=&#8221;67px|||||&#8221; locked=&#8221;off&#8221;][et_pb_row column_structure=&#8221;1_2,1_2&#8243; _builder_version=&#8221;4.8.1&#8243; _module_preset=&#8221;default&#8221; background_enable_color=&#8221;off&#8221; custom_padding=&#8221;0px|||||&#8221; animation_style=&#8221;fade&#8221;][et_pb_column type=&#8221;1_2&#8243; _builder_version=&#8221;4.8.1&#8243; _module_preset=&#8221;default&#8221;][et_pb_text _builder_version=&#8221;4.8.1&#8243; _module_preset=&#8221;default&#8221; text_font=&#8221;Arimo||||||||&#8221; text_text_color=&#8221;#000000&#8243; text_font_size=&#8221;16px&#8221; text_line_height=&#8221;1.5em&#8221; header_font_size=&#8221;36px&#8221; width=&#8221;108%&#8221; min_height=&#8221;337px&#8221; custom_margin=&#8221;|-48px||-13px||&#8221; custom_padding=&#8221;0px|0px|0px|0px||&#8221; animation_style=&#8221;fade&#8221;]<\/p>\n<p style=\"text-align: justify;\"><span style=\"color: #666666;\"><strong>Hijos de Tom\u00e1s Mart\u00edn, S.L. y su marca comercial Burpellet<\/strong>\u00a0se comprometen a la mejora continua de todas sus actividades para asegurar una buena calidad del servicio y un respeto al medio ambiente. Para la consecuci\u00f3n de dicho fin, se compromete a una\u00a0<strong>pol\u00edtica de calidad y medio ambiente<\/strong>\u00a0que afecta y es responsabilidad de cada una de las personas que componen la empresa y que se basa en el cumplimiento de los siguientes principios:<\/span><\/p>\n<p style=\"text-align: justify;\"><span style=\"color: #666666;\"><\/span><\/p>\n<ul>\n<li style=\"text-align: justify;\"><span style=\"color: #666666;\">La\u00a0<strong>satisfacci\u00f3n y fidelidad<\/strong>\u00a0de nuestros clientes.<\/span><\/li>\n<li style=\"text-align: justify;\"><span style=\"color: #666666;\"><i class=\"fa fa-caret-right\"><\/i>\u00a0Una\u00a0<strong>mejora continua<\/strong>\u00a0de los servicios y procesos a trav\u00e9s del establecimiento de unos objetivos y metas.<\/span><\/li>\n<li style=\"text-align: justify;\"><span style=\"color: #666666;\"><i class=\"fa fa-caret-right\"><\/i>\u00a0Una\u00a0<strong>buena gesti\u00f3n de los recursos humanos y materiales<\/strong>\u00a0para el establecimiento de un servicio de calidad y que garantice la prevenci\u00f3n de la contaminaci\u00f3n.<\/span><\/li>\n<li style=\"text-align: justify;\"><span style=\"color: #666666;\"><i class=\"fa fa-caret-right\"><\/i>\u00a0Cumplimiento de todos los\u00a0<strong>requisitos legales<\/strong>\u00a0ambientales establecidos y otros requisitos.<\/span><\/li>\n<\/ul>\n<p>[\/et_pb_text][\/et_pb_column][et_pb_column type=&#8221;1_2&#8243; _builder_version=&#8221;4.8.1&#8243; _module_preset=&#8221;default&#8221;][et_pb_testimonial author=&#8221;HIJOS DE TOM\u00c1S MART\u00cdN S.L&#8221; portrait_url=&#8221;https:\/\/dev.maderashtm.com\/wp-content\/uploads\/2021\/03\/BOSQUE-CORAZON.jpg&#8221; quote_icon_color=&#8221;#3ea64b&#8221; _builder_version=&#8221;4.8.1&#8243; _module_preset=&#8221;default&#8221; body_font_size=&#8221;21px&#8221; background_color=&#8221;#eaeaea&#8221; min_height=&#8221;216px&#8221; custom_margin=&#8221;62px|||95px||&#8221; custom_padding=&#8221;19px|21px||||&#8221; animation_style=&#8221;fade&#8221; animation_direction=&#8221;left&#8221; border_width_left=&#8221;14px&#8221; border_color_left=&#8221;#3ea64b&#8221; border_radii_portrait=&#8221;on|48px|48px|48px|48px&#8221;]<\/p>\n<p>&#8220;CALIDAD Y COMPROMISO CON EL MEDIO AMBIENTE.&#8221;<\/p>\n<p>[\/et_pb_testimonial][\/et_pb_column][\/et_pb_row][et_pb_row _builder_version=&#8221;4.8.1&#8243; _module_preset=&#8221;default&#8221; animation_style=&#8221;fade&#8221; animation_delay=&#8221;200ms&#8221;][et_pb_column type=&#8221;4_4&#8243; _builder_version=&#8221;4.8.1&#8243; _module_preset=&#8221;default&#8221;][et_pb_text _builder_version=&#8221;4.8.1&#8243; _module_preset=&#8221;default&#8221; text_font=&#8221;Arimo||||||||&#8221; text_font_size=&#8221;16px&#8221; text_line_height=&#8221;1.5em&#8221; header_font_size=&#8221;36px&#8221; hover_enabled=&#8221;0&#8243; sticky_enabled=&#8221;0&#8243;]<\/p>\n<h2 style=\"text-align: center;\"><span style=\"color: #666666;\"><b>SISTEMA DE CADENA DE CUSTODIA PEFC<\/b><\/span><\/h2>\n<p>&nbsp;<\/p>\n<p style=\"text-align: justify;\"><span>Dentro de los valores de Hijos de Tom\u00e1s Mart\u00edn, S.L. se encuentra la\u00a0<\/span><strong>satisfacci\u00f3n del cliente y la protecci\u00f3n del medio ambiente<\/strong><span>.<\/span><\/p>\n<p><span>Teniendo en cuenta la importancia de la materia prima empleada en su proceso productivo, ha considerado la necesidad de desarrollar e implantar un Sistema de Cadena de Custodia, que asegure que\u00a0<\/span><strong>la madera utilizada proviene de bosques con gesti\u00f3n forestal sostenible<\/strong><span>\u00a0y lleguen al consumidor siguiente sin perder la trazabilidad.<\/span><\/p>\n<p><span>Con fecha 22 de julio de 2022, la Asociaci\u00f3n para la Certificaci\u00f3n Forestal Espa\u00f1ola, PEFC- Espa\u00f1a, concede el derecho de uso de la marca PEFC\u00ae n\u00ba AEN-PEFC-COC-0031 a Hijos de Tom\u00e1s Mart\u00edn, S.L., certificado multisite de la Cadena de Custodia PEFC de fecha para las instalaciones de Do\u00f1a Santos y Huerta de Rey (explotaci\u00f3n forestal y producci\u00f3n de pellets de madera).<\/span><\/p>\n<p><span>El\u00a0<\/span><strong>Certificado PEFC<\/strong><span>\u00a0proporciona informaci\u00f3n relacionada con la procedencia del\u00a0<\/span><strong>producto forestal de bosques gestionados de forma sostenible y de otras fuentes no conflictivas<\/strong><span>.<\/span><\/p>\n<p>[\/et_pb_text][\/et_pb_column][\/et_pb_row][et_pb_row _builder_version=&#8221;4.8.1&#8243; _module_preset=&#8221;default&#8221; width=&#8221;85.9%&#8221; animation_style=&#8221;fade&#8221;][et_pb_column type=&#8221;4_4&#8243; _builder_version=&#8221;4.8.1&#8243; _module_preset=&#8221;default&#8221;][et_pb_image src=&#8221;https:\/\/dev.maderashtm.com\/wp-content\/uploads\/2021\/03\/ESQUEMA.png&#8221; alt=&#8221;Esquema Certificado Maderas HTM&#8221; title_text=&#8221;ESQUEMA&#8221; align=&#8221;center&#8221; force_fullwidth=&#8221;on&#8221; _builder_version=&#8221;4.8.1&#8243; _module_preset=&#8221;default&#8221; transform_scale=&#8221;110%|110%&#8221; min_height__hover_enabled=&#8221;on|desktop&#8221;][\/et_pb_image][\/et_pb_column][\/et_pb_row][et_pb_row _builder_version=&#8221;4.8.1&#8243; _module_preset=&#8221;default&#8221; animation_style=&#8221;fade&#8221;][et_pb_column type=&#8221;4_4&#8243; _builder_version=&#8221;4.8.1&#8243; _module_preset=&#8221;default&#8221;][et_pb_text _builder_version=&#8221;4.8.1&#8243; _module_preset=&#8221;default&#8221; text_font=&#8221;Arimo||||||||&#8221; text_font_size=&#8221;16px&#8221; text_line_height=&#8221;1.5em&#8221; header_font_size=&#8221;36px&#8221; animation_style=&#8221;fade&#8221;]<\/p>\n<p style=\"text-align: justify;\"><span style=\"color: #666666;\">Los productos de origen forestal certificados por PEFC garantizan a los consumidores que est\u00e1n comprando <strong>productos de bosques gestionados sosteniblemente.<\/strong> Los compradores de productos certificados PEFC ayudan a combatir la corta ilegal y fomentan las principales funciones de los recursos forestales: el mantenimiento de ecosistemas y la diversidad biol\u00f3gica; permiten que sean el sustento econ\u00f3mico de muchas poblaciones rurales y presentan un papel social y cultural reconocido cada vez en mayor medida.<\/span><\/p>\n<p><span style=\"color: #000000;\">\u00a0<\/span><\/p>\n<p>[\/et_pb_text][\/et_pb_column][\/et_pb_row][et_pb_row module_id=&#8221;filaBoton&#8221; _builder_version=&#8221;4.8.1&#8243; _module_preset=&#8221;default&#8221;][et_pb_column type=&#8221;4_4&#8243; _builder_version=&#8221;4.8.1&#8243; _module_preset=&#8221;default&#8221;][et_pb_button button_url=&#8221;https:\/\/www.pefc.es\/&#8221; url_new_window=&#8221;on&#8221; button_text=&#8221;M\u00c1S INFROMACI\u00d3N PEFC&#8221; button_alignment=&#8221;center&#8221; module_class=&#8221;certificadosBoton&#8221; _builder_version=&#8221;4.8.1&#8243; _module_preset=&#8221;default&#8221; custom_button=&#8221;on&#8221; button_text_color=&#8221;#3ea64b&#8221; button_border_width=&#8221;0px&#8221; button_border_color=&#8221;#3ea64b&#8221; button_border_radius=&#8221;48px&#8221; button_letter_spacing=&#8221;0px&#8221; button_font=&#8221;Arimo||||||||&#8221; box_shadow_style=&#8221;preset1&#8243;][\/et_pb_button][\/et_pb_column][\/et_pb_row][\/et_pb_section][et_pb_section fb_built=&#8221;1&#8243; fullwidth=&#8221;on&#8221; _builder_version=&#8221;4.8.1&#8243; _module_preset=&#8221;default&#8221;][et_pb_fullwidth_slider _builder_version=&#8221;4.8.1&#8243; _module_preset=&#8221;default&#8221; background_color=&#8221;rgba(255,255,255,0)&#8221; background_image=&#8221;https:\/\/dev.maderashtm.com\/wp-content\/uploads\/2021\/03\/dark-path-in-forest-scaled.jpg&#8221; background_position=&#8221;bottom_right&#8221; background_blend=&#8221;overlay&#8221; custom_button=&#8221;on&#8221; button_text_color=&#8221;#3ea64b&#8221; button_bg_color=&#8221;#ffffff&#8221; button_border_width=&#8221;0px&#8221; button_border_color=&#8221;#3ea64b&#8221; button_border_radius=&#8221;48px&#8221; button_letter_spacing=&#8221;0px&#8221; button_font=&#8221;Arimo||||||||&#8221; button_alignment=&#8221;center&#8221; custom_padding=&#8221;102px||84px|||&#8221; link_option_url_new_window=&#8221;on&#8221; hover_enabled=&#8221;0&#8243; box_shadow_style=&#8221;preset1&#8243; box_shadow_style_button=&#8221;preset1&#8243; sticky_enabled=&#8221;0&#8243;][et_pb_slide heading=&#8221;POL\u00cdTICA DE CADENA DE CUSTODIA&#8221; button_text=&#8221;DESCARGAR&#8221; button_link=&#8221;https:\/\/dev.maderashtm.com\/wp-content\/uploads\/2021\/03\/POLITICA_CdC.pdf&#8221; url_new_window=&#8221;on&#8221; _builder_version=&#8221;4.8.1&#8243; _module_preset=&#8221;default&#8221; header_level=&#8221;h2&#8243; header_font=&#8221;Arimo||||||||&#8221; header_font_size=&#8221;36px&#8221; link_option_url_new_window=&#8221;on&#8221; sticky_transition=&#8221;on&#8221;][\/et_pb_slide][et_pb_slide heading=&#8221;CERTIFICADO PEFC &#8221; button_text=&#8221;DESCARGAR&#8221; button_link=&#8221;https:\/\/dev.maderashtm.com\/wp-content\/uploads\/2022\/08\/AEN-PEFC-COC-0031_Castellano.pdf&#8221; _builder_version=&#8221;4.8.1&#8243; _module_preset=&#8221;default&#8221; header_level=&#8221;h2&#8243; header_font=&#8221;Arimo||||||||&#8221; header_font_size=&#8221;36px&#8221; hover_enabled=&#8221;0&#8243; sticky_transition=&#8221;on&#8221; sticky_enabled=&#8221;0&#8243;][\/et_pb_slide][et_pb_slide heading=&#8221;DECLARACI\u00d3N DE COMPROMISO DE PRODUCCI\u00d3N DE PELLETS SOSTENIBLE 2013&#8243; button_text=&#8221;DESCARGAR&#8221; button_link=&#8221;https:\/\/dev.maderashtm.com\/wp-content\/uploads\/2021\/03\/Declaracion_compromiso.pdf&#8221; url_new_window=&#8221;on&#8221; _builder_version=&#8221;4.8.1&#8243; _module_preset=&#8221;default&#8221; header_level=&#8221;h2&#8243; header_font=&#8221;Arimo||||||||&#8221; header_font_size=&#8221;36px&#8221; link_option_url_new_window=&#8221;on&#8221; sticky_transition=&#8221;on&#8221;][\/et_pb_slide][\/et_pb_fullwidth_slider][\/et_pb_section]<\/p>\n","protected":false},"excerpt":{"rendered":"<p>[et_pb_section fb_built=&#8221;1&#8243; admin_label=&#8221;Hero Section&#8221; _builder_version=&#8221;4.8.1&#8243; background_color=&#8221;rgba(0,0,0,0.37)&#8221; background_color_gradient_direction=&#8221;146deg&#8221; background_image=&#8221;https:\/\/dev.maderashtm.com\/wp-content\/uploads\/2021\/03\/dark-path-in-forest-scaled.jpg&#8221; background_position=&#8221;center_left&#8221; background_blend=&#8221;overlay&#8221; custom_margin=&#8221;|||&#8221; custom_padding=&#8221;120px||52px|||&#8221;][et_pb_row _builder_version=&#8221;3.25&#8243; background_size=&#8221;initial&#8221; background_position=&#8221;top_left&#8221; background_repeat=&#8221;repeat&#8221; min_height=&#8221;228.7px&#8221; custom_margin=&#8221;|auto|-45px|auto||&#8221; custom_padding=&#8221;||85px|||&#8221; locked=&#8221;off&#8221;][et_pb_column type=&#8221;4_4&#8243; _builder_version=&#8221;3.25&#8243; custom_padding=&#8221;|||&#8221; custom_padding__hover=&#8221;|||&#8221;][et_pb_text admin_label=&#8221;Title&#8221; _builder_version=&#8221;4.8.1&#8243; text_font=&#8221;||||||||&#8221; header_font=&#8221;Arimo|500|||||||&#8221; header_text_align=&#8221;center&#8221; header_font_size=&#8221;84px&#8221; background_layout=&#8221;dark&#8221; width=&#8221;100%&#8221; custom_padding=&#8221;||0px|||&#8221; animation_style=&#8221;fade&#8221; animation_direction=&#8221;left&#8221; header_font_size_tablet=&#8221;50px&#8221; header_font_size_phone=&#8221;40px&#8221; header_font_size_last_edited=&#8221;on|phone&#8221;] CERTIFICADOS [\/et_pb_text][et_pb_text _builder_version=&#8221;4.8.1&#8243; text_font=&#8221;Arimo|300|||||||&#8221; text_text_color=&#8221;rgba(255,255,255,0.7)&#8221; text_font_size=&#8221;20px&#8221; text_line_height=&#8221;1.8em&#8221; header_font=&#8221;Arimo||||||||&#8221; text_orientation=&#8221;center&#8221; background_layout=&#8221;dark&#8221; max_width=&#8221;700px&#8221; module_alignment=&#8221;center&#8221; min_height=&#8221;60px&#8221; custom_margin=&#8221;-28px|||190px||&#8221; custom_padding=&#8221;0px||0px|||&#8221; animation_style=&#8221;zoom&#8221; animation_direction=&#8221;left&#8221; [&hellip;]<\/p>\n","protected":false},"author":2,"featured_media":0,"parent":0,"menu_order":0,"comment_status":"closed","ping_status":"closed","template":"","meta":{"_et_pb_use_builder":"on","_et_pb_old_content":"","_et_gb_content_width":"","footnotes":""},"class_list":["post-60","page","type-page","status-publish","hentry"],"yoast_head":"<!-- This site is optimized with the Yoast SEO plugin v15.9.2 - https:\/\/yoast.com\/wordpress\/plugins\/seo\/ -->\n<title>Certificados - Hijos de Tom\u00e1s Mart\u00edn - Maderas HTM<\/title>\n<meta name=\"description\" content=\"Hijos de Tom\u00e1s Mart\u00edn, S.L. y su marca comercial Burpellet aseguran una buena calidad del servicio y un respeto al medio ambiente.\" \/>\n<link rel=\"canonical\" href=\"https:\/\/dev.maderashtm.com\/index.php\/certificados\/\" \/>\n<meta property=\"og:locale\" content=\"es_ES\" \/>\n<meta property=\"og:type\" content=\"article\" \/>\n<meta property=\"og:title\" content=\"Certificados - Hijos de Tom\u00e1s Mart\u00edn - Maderas HTM\" \/>\n<meta property=\"og:description\" content=\"Hijos de Tom\u00e1s Mart\u00edn, S.L. y su marca comercial Burpellet aseguran una buena calidad del servicio y un respeto al medio ambiente.\" \/>\n<meta property=\"og:url\" content=\"https:\/\/dev.maderashtm.com\/index.php\/certificados\/\" \/>\n<meta property=\"og:site_name\" content=\"HTM\" \/>\n<meta property=\"article:modified_time\" content=\"2022-08-16T10:57:22+00:00\" \/>\n<meta name=\"twitter:card\" content=\"summary_large_image\" \/>\n<meta name=\"twitter:label1\" content=\"Tiempo de lectura\">\n\t<meta name=\"twitter:data1\" content=\"7 minutos\">\n<script type=\"application\/ld+json\" class=\"yoast-schema-graph\">{\"@context\":\"https:\/\/schema.org\",\"@graph\":[{\"@type\":\"WebSite\",\"@id\":\"https:\/\/dev.maderashtm.com\/#website\",\"url\":\"https:\/\/dev.maderashtm.com\/\",\"name\":\"HTM\",\"description\":\"Hijos de Tom\\u00e1s Mart\\u00edn\",\"potentialAction\":[{\"@type\":\"SearchAction\",\"target\":\"https:\/\/dev.maderashtm.com\/?s={search_term_string}\",\"query-input\":\"required name=search_term_string\"}],\"inLanguage\":\"es\"},{\"@type\":\"WebPage\",\"@id\":\"https:\/\/dev.maderashtm.com\/index.php\/certificados\/#webpage\",\"url\":\"https:\/\/dev.maderashtm.com\/index.php\/certificados\/\",\"name\":\"Certificados - Hijos de Tom\\u00e1s Mart\\u00edn - Maderas HTM\",\"isPartOf\":{\"@id\":\"https:\/\/dev.maderashtm.com\/#website\"},\"datePublished\":\"2021-03-08T12:10:00+00:00\",\"dateModified\":\"2022-08-16T10:57:22+00:00\",\"description\":\"Hijos de Tom\\u00e1s Mart\\u00edn, S.L. y su marca comercial Burpellet aseguran una buena calidad del servicio y un respeto al medio ambiente.\",\"breadcrumb\":{\"@id\":\"https:\/\/dev.maderashtm.com\/index.php\/certificados\/#breadcrumb\"},\"inLanguage\":\"es\",\"potentialAction\":[{\"@type\":\"ReadAction\",\"target\":[\"https:\/\/dev.maderashtm.com\/index.php\/certificados\/\"]}]},{\"@type\":\"BreadcrumbList\",\"@id\":\"https:\/\/dev.maderashtm.com\/index.php\/certificados\/#breadcrumb\",\"itemListElement\":[{\"@type\":\"ListItem\",\"position\":1,\"item\":{\"@type\":\"WebPage\",\"@id\":\"https:\/\/dev.maderashtm.com\/\",\"url\":\"https:\/\/dev.maderashtm.com\/\",\"name\":\"Portada\"}},{\"@type\":\"ListItem\",\"position\":2,\"item\":{\"@type\":\"WebPage\",\"@id\":\"https:\/\/dev.maderashtm.com\/index.php\/certificados\/\",\"url\":\"https:\/\/dev.maderashtm.com\/index.php\/certificados\/\",\"name\":\"CERTIFICADOS\"}}]}]}<\/script>\n<!-- \/ Yoast SEO plugin. -->","_links":{"self":[{"href":"https:\/\/dev.maderashtm.com\/index.php\/wp-json\/wp\/v2\/pages\/60","targetHints":{"allow":["GET"]}}],"collection":[{"href":"https:\/\/dev.maderashtm.com\/index.php\/wp-json\/wp\/v2\/pages"}],"about":[{"href":"https:\/\/dev.maderashtm.com\/index.php\/wp-json\/wp\/v2\/types\/page"}],"author":[{"embeddable":true,"href":"https:\/\/dev.maderashtm.com\/index.php\/wp-json\/wp\/v2\/users\/2"}],"replies":[{"embeddable":true,"href":"https:\/\/dev.maderashtm.com\/index.php\/wp-json\/wp\/v2\/comments?post=60"}],"version-history":[{"count":57,"href":"https:\/\/dev.maderashtm.com\/index.php\/wp-json\/wp\/v2\/pages\/60\/revisions"}],"predecessor-version":[{"id":1334,"href":"https:\/\/dev.maderashtm.com\/index.php\/wp-json\/wp\/v2\/pages\/60\/revisions\/1334"}],"wp:attachment":[{"href":"https:\/\/dev.maderashtm.com\/index.php\/wp-json\/wp\/v2\/media?parent=60"}],"curies":[{"name":"wp","href":"https:\/\/api.w.org\/{rel}","templated":true}]}}